{"id":110,"date":"2019-07-15T16:22:59","date_gmt":"2019-07-15T14:22:59","guid":{"rendered":"https:\/\/kulturinitiative-sehndorf.de\/?page_id=110"},"modified":"2019-08-13T10:46:00","modified_gmt":"2019-08-13T08:46:00","slug":"mitglied-werden","status":"publish","type":"page","link":"https:\/\/kulturinitiative-sehndorf.de\/?page_id=110","title":{"rendered":"Mitglied werden"},"content":{"rendered":"\n<h2 class=\"wp-block-heading\">Mitglied werden<\/h2>\n\n\n\n<p>Wenn Sie an einer Mitgliedschaft interessiert sind, kommen Sie einfach bei uns vorbei, wir begr\u00fc\u00dfen Sie gerne als neues Mitglied in unserem Verein!<\/p>\n\n\n\n<p>In folgender Tabelle finden Sie die aktuellen Mitgliedsbeitr\u00e4ge:<\/p>\n\n\n\n<table class=\"wp-block-table\"><tbody><tr><td><strong>Beitr\u00e4ge f\u00fcr:<\/strong><br><strong>weitere Familienangeh\u00f6rige <\/strong><\/td><td><strong>15,00<\/strong><br><strong>10,00<\/strong><\/td><td><strong>in EUR\/Jahr<\/strong><br><strong>in EUR\/Jahr<\/strong> <\/td><\/tr><\/tbody><\/table>\n\n\n\n<h3 class=\"wp-block-heading\">Antrag<\/h3>\n\n\n\n<p>Den Aufnahmeantrag k\u00f6nnen Sie hier online Ausf\u00fcllen, ausdr\u00fccken oder herunterladen. F\u00fcllen Sie diesen bitte aus und schicken Sie ihn uns zu, oder Sie k\u00f6nnen das auch Pers\u00f6nlich abgeben.<\/p>\n\n\n\n<h4 class=\"wp-block-heading\">Download:<\/h4>\n\n\n\n<p>\u00a0<a href=\"https:\/\/kulturinitiative-sehndorf.de\/wp-content\/uploads\/2019\/08\/KIS_BeitrittserklaerungWEB1.pdf\">Aufnahmeantrag<\/a> <a href=\"https:\/\/kulturinitiative-sehndorf.de\/wp-content\/uploads\/2019\/08\/KIS_BeitrittserklaerungWEB1.pdf\"><img loading=\"lazy\" decoding=\"async\" width=\"50\" height=\"50\" class=\"wp-image-143\" style=\"width: 50px;\" src=\"https:\/\/kulturinitiative-sehndorf.de\/wp-content\/uploads\/2019\/07\/pdf-logo-e1563261647520.jpg\" alt=\"\"><\/a><\/p>\n\n\n\n<h3 class=\"wp-block-heading\">Bemerkungen:<\/h3>\n\n\n\n<p>Der Jahresbeitrag und die Anmeldegeb\u00fchr sind bei Aufnahme in den Verein zu zahlen. Die laufenden Jahresbeitr\u00e4ge werden im August des jeweiligen Jahres abgebucht.<\/p>\n\n\n\n<p>K\u00fcndigung:<\/p>\n\n\n\n<p>Entsprechend&nbsp;unserer&nbsp;Satzung&nbsp;ist eine K\u00fcndigung jeweils zum Ende eines Jahres m\u00f6glich. Hierbei ist mindestens drei Monate&nbsp;vor Jahresende, also am 30. September, eine schriftliche K\u00fcndigung an den Vorstand zu richten.<\/p>\n","protected":false},"excerpt":{"rendered":"<p>Mitglied werden Wenn Sie an einer Mitgliedschaft interessiert sind, kommen Sie einfach bei uns vorbei, wir begr\u00fc\u00dfen Sie gerne als neues Mitglied in unserem Verein! In folgender Tabelle finden Sie die aktuellen Mitgliedsbeitr\u00e4ge: Beitr\u00e4ge f\u00fcr:weitere Familienangeh\u00f6rige 15,0010,00 in EUR\/Jahrin EUR\/Jahr Antrag Den Aufnahmeantrag k\u00f6nnen Sie hier online Ausf\u00fcllen, ausdr\u00fccken oder herunterladen. F\u00fcllen Sie diesen bitte [&hellip;]<\/p>\n","protected":false},"author":1,"featured_media":0,"parent":0,"menu_order":0,"comment_status":"closed","ping_status":"closed","template":"","meta":{"pgc_sgb_lightbox_settings":"","footnotes":""},"class_list":["post-110","page","type-page","status-publish","hentry"],"_links":{"self":[{"href":"https:\/\/kulturinitiative-sehndorf.de\/index.php?rest_route=\/wp\/v2\/pages\/110","targetHints":{"allow":["GET"]}}],"collection":[{"href":"https:\/\/kulturinitiative-sehndorf.de\/index.php?rest_route=\/wp\/v2\/pages"}],"about":[{"href":"https:\/\/kulturinitiative-sehndorf.de\/index.php?rest_route=\/wp\/v2\/types\/page"}],"author":[{"embeddable":true,"href":"https:\/\/kulturinitiative-sehndorf.de\/index.php?rest_route=\/wp\/v2\/users\/1"}],"replies":[{"embeddable":true,"href":"https:\/\/kulturinitiative-sehndorf.de\/index.php?rest_route=%2Fwp%2Fv2%2Fcomments&post=110"}],"version-history":[{"count":9,"href":"https:\/\/kulturinitiative-sehndorf.de\/index.php?rest_route=\/wp\/v2\/pages\/110\/revisions"}],"predecessor-version":[{"id":347,"href":"https:\/\/kulturinitiative-sehndorf.de\/index.php?rest_route=\/wp\/v2\/pages\/110\/revisions\/347"}],"wp:attachment":[{"href":"https:\/\/kulturinitiative-sehndorf.de\/index.php?rest_route=%2Fwp%2Fv2%2Fmedia&parent=110"}],"curies":[{"name":"wp","href":"https:\/\/api.w.org\/{rel}","templated":true}]}}