{"id":128,"date":"2019-07-15T16:27:37","date_gmt":"2019-07-15T14:27:37","guid":{"rendered":"https:\/\/kulturinitiative-sehndorf.de\/?page_id=128"},"modified":"2021-11-25T08:55:24","modified_gmt":"2021-11-25T06:55:24","slug":"verein","status":"publish","type":"page","link":"https:\/\/kulturinitiative-sehndorf.de\/?page_id=128","title":{"rendered":"Verein"},"content":{"rendered":"\n<h2 class=\"has-text-align-center wp-block-heading\"> <strong>Kultur-Initiative Sehndorf <\/strong><\/h2>\n\n\n\n<p class=\"has-text-align-center\">Am 08.07.2019 wurde der Verein gegr\u00fcndet. Der Verein f\u00fchrt den Namen \u201eKultur-Initiative Sehndorf\u201c (Abk.: K.I.S.),  der Verein hat seinen Sitz in 66706 Perl-Sehndorf.                                                                                                    <\/p>\n\n\n\n<p class=\"has-text-align-center\"><strong>Zweck des Vereins<\/strong>                                                                                            <\/p>\n\n\n\n<p class=\"has-text-align-center\">(1) Der Verein ist selbstlos t\u00e4tig und verfolgt keine erwerbswirtschaftliche, sondern ausschlie\u00dflich und unmittelbar gemeinn\u00fctzige Zwecke im Sinne des Abschnitts &#8222;Steuerbeg\u00fcnstigte Zwecke&#8220; der Abgabenordnung. Er bezweckt:<\/p>\n\n\n\n<p class=\"has-text-align-center\"><em>a) die F\u00f6rderung des traditionellen Brauchtums in Perl-Sehndorf,   <\/em><\/p>\n\n\n\n<p class=\"has-text-align-center\"> <em>b) die F\u00f6rderung der Heimat- und Landschaftspflege<\/em><\/p>\n\n\n\n<p class=\"has-text-align-center\">(2) Die Satzungszwecke werden verwirklicht insbesondere durch: <\/p>\n\n\n\n<p class=\"has-text-align-center\"><em>a) Durchf\u00fchrung traditioneller kultureller Veranstaltungen<\/em><\/p>\n\n\n\n<p class=\"has-text-align-center\"><em>b) Arbeitseins\u00e4tze zur Dorfversch\u00f6nerung und zur Bewahrung historischer Gegenst\u00e4nde und G\u00fcter <\/em><\/p>\n\n\n\n<p class=\"has-text-align-center\">(3) Weitere Ma\u00dfnahmen zur F\u00f6rderung des kulturellen Lebens k\u00f6nnen in den Aufgabenkatalog des Vereins aufgenommen werden. Zur Erf\u00fcllung der Aufgaben k\u00f6nnen durch den Vorstand innerhalb des Vereins einzelne Fachbereiche gebildet werden  <\/p>\n\n\n\n<p class=\"has-text-align-center\">(4) Der Verein ist politisch und konfessionell ungebunden. <\/p>\n\n\n\n<h2 class=\"has-text-align-center wp-block-heading\">Satzung als PDF:<\/h2>\n\n\n\n<div class=\"wp-block-image\"><figure class=\"aligncenter size-large is-resized\"><a href=\"https:\/\/kulturinitiative-sehndorf.de\/wp-content\/uploads\/2020\/01\/KulturInitiativeSehndorf_Satzung_neu_29.01.2020.pdf\" target=\"_blank\" rel=\"noreferrer noopener\"><img loading=\"lazy\" decoding=\"async\" src=\"https:\/\/kulturinitiative-sehndorf.de\/wp-content\/uploads\/2020\/01\/KulturInitiativeSehndorf_Satzung_neu_29.01.2020-724x1024.jpg\" alt=\"\" class=\"wp-image-750\" width=\"191\" height=\"270\" srcset=\"https:\/\/kulturinitiative-sehndorf.de\/wp-content\/uploads\/2020\/01\/KulturInitiativeSehndorf_Satzung_neu_29.01.2020-724x1024.jpg 724w, https:\/\/kulturinitiative-sehndorf.de\/wp-content\/uploads\/2020\/01\/KulturInitiativeSehndorf_Satzung_neu_29.01.2020-600x849.jpg 600w, https:\/\/kulturinitiative-sehndorf.de\/wp-content\/uploads\/2020\/01\/KulturInitiativeSehndorf_Satzung_neu_29.01.2020-212x300.jpg 212w, https:\/\/kulturinitiative-sehndorf.de\/wp-content\/uploads\/2020\/01\/KulturInitiativeSehndorf_Satzung_neu_29.01.2020-768x1087.jpg 768w, https:\/\/kulturinitiative-sehndorf.de\/wp-content\/uploads\/2020\/01\/KulturInitiativeSehndorf_Satzung_neu_29.01.2020-389x550.jpg 389w, https:\/\/kulturinitiative-sehndorf.de\/wp-content\/uploads\/2020\/01\/KulturInitiativeSehndorf_Satzung_neu_29.01.2020-353x500.jpg 353w, https:\/\/kulturinitiative-sehndorf.de\/wp-content\/uploads\/2020\/01\/KulturInitiativeSehndorf_Satzung_neu_29.01.2020.jpg 826w\" sizes=\"auto, (max-width: 191px) 100vw, 191px\" \/><\/a><\/figure><\/div>\n\n\n\n<p class=\"has-text-align-center\"><strong>Vorstand:<\/strong><\/p>\n\n\n\n<p class=\"has-text-align-center\">Pieter du Plessis &#8211; 1st Vorsitzende<\/p>\n\n\n\n<p class=\"has-text-align-center\">Norbert Kiefer &#8211; 2te Vorsitzende<\/p>\n\n\n\n<p class=\"has-text-align-center\">Simon Ollinger &#8211; Schriftf\u00fchrer<\/p>\n\n\n\n<p class=\"has-text-align-center\">Roland Mergen &#8211; Technische Leiter<\/p>\n\n\n\n<p class=\"has-text-align-center\">Yvonne Ginsbach &#8211; Schatzmeisterin<\/p>\n\n\n\n<p class=\"has-text-align-center\">Udo Hein &#8211; Beisitzer 1<\/p>\n\n\n\n<p class=\"has-text-align-center\">Marcel Thull &#8211; Beisitzer 2<\/p>\n\n\n\n<p class=\"has-text-align-center\">Marco Stoller &#8211; Beisitzer 3<\/p>\n","protected":false},"excerpt":{"rendered":"<p>Kultur-Initiative Sehndorf Am 08.07.2019 wurde der Verein gegr\u00fcndet. Der Verein f\u00fchrt den Namen \u201eKultur-Initiative Sehndorf\u201c (Abk.: K.I.S.), der Verein hat seinen Sitz in 66706 Perl-Sehndorf. Zweck des Vereins (1) Der Verein ist selbstlos t\u00e4tig und verfolgt keine erwerbswirtschaftliche, sondern ausschlie\u00dflich und unmittelbar gemeinn\u00fctzige Zwecke im Sinne des Abschnitts &#8222;Steuerbeg\u00fcnstigte Zwecke&#8220; der Abgabenordnung. Er bezweckt: a) [&hellip;]<\/p>\n","protected":false},"author":1,"featured_media":0,"parent":0,"menu_order":0,"comment_status":"closed","ping_status":"closed","template":"","meta":{"pgc_sgb_lightbox_settings":"","footnotes":""},"class_list":["post-128","page","type-page","status-publish","hentry"],"_links":{"self":[{"href":"https:\/\/kulturinitiative-sehndorf.de\/index.php?rest_route=\/wp\/v2\/pages\/128","targetHints":{"allow":["GET"]}}],"collection":[{"href":"https:\/\/kulturinitiative-sehndorf.de\/index.php?rest_route=\/wp\/v2\/pages"}],"about":[{"href":"https:\/\/kulturinitiative-sehndorf.de\/index.php?rest_route=\/wp\/v2\/types\/page"}],"author":[{"embeddable":true,"href":"https:\/\/kulturinitiative-sehndorf.de\/index.php?rest_route=\/wp\/v2\/users\/1"}],"replies":[{"embeddable":true,"href":"https:\/\/kulturinitiative-sehndorf.de\/index.php?rest_route=%2Fwp%2Fv2%2Fcomments&post=128"}],"version-history":[{"count":34,"href":"https:\/\/kulturinitiative-sehndorf.de\/index.php?rest_route=\/wp\/v2\/pages\/128\/revisions"}],"predecessor-version":[{"id":1132,"href":"https:\/\/kulturinitiative-sehndorf.de\/index.php?rest_route=\/wp\/v2\/pages\/128\/revisions\/1132"}],"wp:attachment":[{"href":"https:\/\/kulturinitiative-sehndorf.de\/index.php?rest_route=%2Fwp%2Fv2%2Fmedia&parent=128"}],"curies":[{"name":"wp","href":"https:\/\/api.w.org\/{rel}","templated":true}]}}